5/2*m**2 - 1/2*m**3 + 0 + 1/20*m**5. Let y be p(-4). What is the highest common factor of 1 and y?
1
Let s(z) = 7*z + 6. Let c be s(-5). Let r = 53 + c. What is the greatest common divisor of r and 3?
3
Suppose -4*f = -3*f - 18. Calculate the highest common divisor of f and 1062.
18
Suppose -3*w = -3*a, -14 = -3*w - 4*a - 0. Suppose 3*f = 4*d - 33, -d = -w*d + f + 9. Calculate the highest common factor of 24 and d.
6
Let v(h) = -26*h + 1034. Let l be v(33). Calculate the highest common factor of 968 and l.
88
Suppose -3*w + 3*n = 0, n + n - 2 = 0. Let q(f) = 63*f + 1. Let v be q(w). Calculate the highest common factor of v and 96.
32
Let b = 17 + -38. Let n be (-2289)/b - (-1 + 5). Calculate the highest common factor of n and 15.
15
Suppose 65 = 3*b - 6*b - i, 0 = b + i + 23. Let m = 28 + b. Let n = 188 - 111. What is the highest common divisor of m and n?
7
Suppose -8 = -4*h + 4*o, 4*h + 4 = 6*h - 4*o. Suppose 5*y - 143 = -2*q, -4*y = -h*y - q - 50. What is the greatest common divisor of y and 18?
9
Suppose -5*t + 20 = 0, l + 4*t - 86 = -l. Let r be 7/l + (-7)/5*-7. Calculate the greatest common factor of r and 80.
10
Let x = 788 + -684. Suppose -5*a + 2*n + 71 = -0*n, -2*n = -2*a + 32. Calculate the greatest common divisor of a and x.
13
Suppose -66 - 50 = -c. Let b = c + -109. What is the highest common factor of b and 56?
7
Let j(c) = -3*c - 16 - 3*c + 11 + 8*c**2. Let m be j(5). What is the highest common divisor of m and 15?
15
Suppose -2*d = 3*t - 76, 0 = 2*t + 4*d - 0*d - 64. Suppose -3*v = -4*v - 5*b + 22, t = v + 4*b. Calculate the greatest common factor of 11 and v.
11
Let q be -5*84/(-30)*5. What is the greatest common factor of q and 110?
10
Let k(z) = 6*z + 7. Let f be k(5). Let t be 1/(2*5/3770). Suppose 0 = 3*b - t - 67. Calculate the highest common factor of f and b.
37
Let g(f) = -f - 7. Let s be g(-34). Calculate the greatest common divisor of s and 864.
27
Let b = 12 - 5. Let d = -25 + 172. Suppose -152*v = -d*v - 5. What is the greatest common factor of v and b?
1
Let h = 83 - 47. Let f(d) = d + 9*d - 9*d. Let q be f(4). Calculate the highest common divisor of q and h.
4
Let g be ((-45)/6 - 1)*-10. Let v(n) = 11*n - 5. Let j(f) = f**3 - 3*f**2 + f - 1. Let w be j(3). Let r be v(w). What is the greatest common divisor of r and g?
17
Suppose 2*w = 3*w - 5. Let p = 40 + 5. What is the highest common factor of w and p?
5
Suppose -32 = 2*d - 118. Suppose -5*o - 17 - 48 = 0. Let m = d + o. Calculate the greatest common divisor of m and 45.
15
Suppose -2*g - 2*a + 50 = 3*a, 48 = 2*g + 4*a. Let r = 51 - 71. Let p = -10 - r. What is the greatest common factor of p and g?
10
Suppose 2*t - 139 = -5*z, 38 = -4*z - 4*t + 142. Let h = z - 13. Calculate the highest common factor of h and 24.
8
Let i be (7 - (3 + -3)) + 0 + 1774. What is the highest common divisor of i and 13?
13
Let u be ((260/(-12))/(-5))/((-2)/(-18)). Suppose -20 = -c - 2*j + 1, 4*c - j = u. Calculate the greatest common divisor of c and 44.
11
Let h = -5 - -11. Let u(v) = -v**3 - 8*v**2 - 8*v + 2. Let b be u(-7). Let q(y) = y**2 - y - 6. Let r be q(b). Calculate the highest common factor of h and r.
6
Let m be (-33)/(6*(0 - 1/4)). Suppose -4*q - 4*s = -24, 61 - m = 4*q - s. Calculate the highest common divisor of 1 and q.
1
Let h(w) = 10*w - 47. Suppose -3*u + 18 = 3. Let i be h(u). What is the highest common factor of i and 3?
3
Let k(z) = 10*z**3 - z + 6. Let n be k(3). Calculate the highest common divisor of n and 126.
21
Let b = 1090 + -250. Calculate the highest common divisor of 63 and b.
21
Let o(w) = 13*w - 37. Let j(i) = -i**2 + 13*i - 5. Let n be j(12). Let t be o(n). Calculate the greatest common divisor of t and 135.
27
Suppose 7 = -2*b - 7. Let q be -2*(14/4)/b. Let o = q - -13. Calculate the highest common factor of o and 154.
14
Let a(b) = 16*b - 115. Let v be a(10). Let q(o) = -4*o + 1. Let d be q(-2). What is the greatest common divisor of v and d?
9
Suppose 29*t = 25*t - 4*p + 64, -t - 4*p = -22. Suppose r - 5*h = -3*h + 76, 5*r + 3*h - 341 = 0. Calculate the highest common factor of r and t.
14
Suppose -32445 = f - 36*f. Calculate the greatest common factor of 9 and f.
9
Suppose 11*f + 3*k - 1007 = 7*f, -5*k + 1017 = 4*f. Calculate the highest common divisor of f and 8.
8
Let m = -5 + 9. Suppose g + m*q = -8, 2*q - 3*q = -1. Let c be g*6*(-1)/2. What is the greatest common factor of c and 6?
6
Suppose -4*k = -32 - 0. Let v be 1090/13 - 6/(-39). Suppose 3*t + 60 = 2*o, -v = -6*o + 2*o - 3*t. What is the highest common factor of o and k?
8
Let a = 31 - -7. Suppose 5*o = 9*o - 24. Suppose 2*r = o, -i + r + 257 = -2*r. What is the highest common divisor of a and i?
38
Suppose 7*w - 4*w - 72 = 0. Let k(x) = 12*x. Let t be k(22). Calculate the highest common divisor of w and t.
24
Suppose 4*h + 24 = 64. Let b(x) = -2 - 7*x + 5*x + x + 6*x**2 - h. Let r be b(-5). What is the highest common divisor of 13 and r?
13
Suppose -16 = -10*h + 6*h. Suppose 4*j - 515 = -h*t + j, -2*t + j = -255. Calculate the highest common factor of 16 and t.
16
Suppose 4*s - 90 - 136 = -2*p, 3 = 3*p. Let n = 14 - 0. What is the greatest common factor of s and n?
14
Suppose -s - 8 = -3*s. Let c(q) = q + 18. Let w = -10 + -4. Let v be c(w). What is the greatest common factor of s and v?
4
Let l(c) = c + 33. Let b be l(12). Suppose -b = -5*a + 3*i, a - 2*i - 2 = -0*a. Calculate the highest common factor of 192 and a.
12
Let z(i) = -i**2 + 31*i + 30. Let m be z(19). What is the highest common factor of 6 and m?
6
Suppose 164 = 2*g + 4*m, -5*g + m - 77 = -454. Calculate the highest common divisor of 4 and g.
4
Let c(z) = -3*z - 4. Let r be c(3). Let h(s) = -8*s - 34. Let k be h(r). Calculate the highest common factor of 175 and k.
35
Let h = 13 + -13. Suppose 4*b - 30 = -3*s, h*b + 2*s = -3*b + 22. What is the highest common factor of 54 and b?
6
Let s be (-4)/(32/40) + 1. Let y(j) = j**3 + 3*j - 5 - 3*j + 7*j**2 + 4*j. Let c be y(s). Calculate the highest common factor of c and 9.
9
Let l = 270 + -261. Suppose 4*z + 4*w + 368 = 0, 2*w + 103 = -z + 14. Let a = -68 - z. Calculate the highest common factor of l and a.
9
Let a be 1/(4*(-2)/(-40)). Suppose a*m = -20, 2*j - 4*m = 1 + 25. Suppose j*y = 3*y + 8. Calculate the highest common factor of 44 and y.
4
Let v be 5*(20/(-120) + 1546/60). Calculate the greatest common factor of v and 16.
16
Let h be (15 - -8)/(1 - 2). Suppose 4*z - z = 57. Let r = z - h. What is the highest common factor of 14 and r?
14
Suppose 30 = 5*f - 60. Let g be (-3)/(63/(-1896)) - (-8)/(-28). Calculate the highest common divisor of g and f.
18
Let g = 10 - 10. Suppose -2*t + 0 + 6 = g. Suppose t*m = m + 30. What is the greatest common factor of 105 and m?
15
Suppose 8*w = -77 + 317. What is the highest common factor of 25 and w?
5
Let l(q) = -q**2 - 3*q. Let s be l(-2). Suppose s*u - 10 = -6. What is the highest common divisor of u and 2?
2
Let k be (348/42 - 8) + 1256/14. What is the greatest common divisor of 198 and k?
18
Let a = 6 - -21. Suppose 0 = 804*q - 812*q + 24. Calculate the highest common divisor of a and q.
3
Let a = 284 - 248. Calculate the highest common divisor of a and 27.
9
Suppose 5*p = i - 259, 2*p + 95 = -2*i + 625. What is the greatest common factor of i and 72?
24
Let g(o) = o**3 - 4*o. Let t be g(3). Let m(z) = 12*z - 261. Let f be m(22). Calculate the greatest common factor of t and f.
3
Let i be (0 - 1)*-3 + -1. Suppose -5*t + 67*v = 66*v - 18, 2*t + 5*v = -9. What is the highest common factor of t and i?
1
Suppose 0 = 6*w - w - 25, 0 = -c + w + 153. Let n = -86 + c. Let g be 155/9 - 16/n. What is the highest common factor of g and 187?
17
Let l be 290/25 + -5*4/(-50). Suppose 3*q + 2*i + 3*i - 30 = 0, l = -4*i. What is the greatest common divisor of 5 and q?
5
Suppose -10*f = 16*f - 3510. Calculate the highest common divisor of f and 30.
15
Let a be -4 + (-4 - (-7 - 0)). Let i(z) = -16*z**3 + z**2 + 3*z + 1. Let s be i(a). Calculate the greatest common factor of s and 135.
15
Let v(j) = -10*j + 7. Let s be v(4). Let y be (-44)/6*s/22. Calculate the greatest common factor of 1 and y.
1
Let k(t) = -9*t + 616. Let f be k(64). What is the highest common factor of f and 72?
8
Let d be ((-10)/8)/(2/(-24)). Let k(f) = f**3 - 19*f**2 + 1